{"id":6916,"date":"2026-01-17T17:31:43","date_gmt":"2026-01-17T16:31:43","guid":{"rendered":"https:\/\/www.marisavida.com\/?post_type=product&#038;p=6916"},"modified":"2026-01-17T17:31:43","modified_gmt":"2026-01-17T16:31:43","slug":"tonico-facial-coreano","status":"publish","type":"product","link":"https:\/\/www.marisavida.com\/?product=tonico-facial-coreano","title":{"rendered":"T\u00f3nico facial coreano"},"content":{"rendered":"<p>T\u00f3nico facial coreano con t\u00e9 verde, inspirado en rituales de cuidado que buscan una piel sana y luminosa. Su f\u00f3rmula ayuda a hidratar en profundidad, refrescar y equilibrar la piel, aportando una sensaci\u00f3n inmediata de confort. El t\u00e9 verde, conocido por sus propiedades revitalizantes, contribuye a mejorar el aspecto del rostro, dej\u00e1ndolo m\u00e1s suave, uniforme y lleno de vida, preparado para recibir los siguientes pasos de tu rutina facial.<\/p>\n","protected":false},"excerpt":{"rendered":"<p>T\u00f3nico facial coreano con t\u00e9 verde, inspirado en rituales de cuidado que buscan una piel sana y luminosa.<\/p>\n","protected":false},"featured_media":6917,"comment_status":"open","ping_status":"closed","template":"","meta":[],"product_brand":[],"product_cat":[80],"product_tag":[],"class_list":{"0":"post-6916","1":"product","2":"type-product","3":"status-publish","4":"has-post-thumbnail","6":"product_cat-cosmetica-organica","7":"nt-post-class","8":"","17":"first","18":"instock","19":"shipping-taxable","20":"purchasable","21":"product-type-simple"},"_links":{"self":[{"href":"https:\/\/www.marisavida.com\/index.php?rest_route=\/wp\/v2\/product\/6916","targetHints":{"allow":["GET"]}}],"collection":[{"href":"https:\/\/www.marisavida.com\/index.php?rest_route=\/wp\/v2\/product"}],"about":[{"href":"https:\/\/www.marisavida.com\/index.php?rest_route=\/wp\/v2\/types\/product"}],"replies":[{"embeddable":true,"href":"https:\/\/www.marisavida.com\/index.php?rest_route=%2Fwp%2Fv2%2Fcomments&post=6916"}],"wp:featuredmedia":[{"embeddable":true,"href":"https:\/\/www.marisavida.com\/index.php?rest_route=\/wp\/v2\/media\/6917"}],"wp:attachment":[{"href":"https:\/\/www.marisavida.com\/index.php?rest_route=%2Fwp%2Fv2%2Fmedia&parent=6916"}],"wp:term":[{"taxonomy":"product_brand","embeddable":true,"href":"https:\/\/www.marisavida.com\/index.php?rest_route=%2Fwp%2Fv2%2Fproduct_brand&post=6916"},{"taxonomy":"product_cat","embeddable":true,"href":"https:\/\/www.marisavida.com\/index.php?rest_route=%2Fwp%2Fv2%2Fproduct_cat&post=6916"},{"taxonomy":"product_tag","embeddable":true,"href":"https:\/\/www.marisavida.com\/index.php?rest_route=%2Fwp%2Fv2%2Fproduct_tag&post=6916"}],"curies":[{"name":"wp","href":"https:\/\/api.w.org\/{rel}","templated":true}]}}