{"id":6750,"date":"2025-08-22T14:57:01","date_gmt":"2025-08-22T12:57:01","guid":{"rendered":"https:\/\/www.marisavida.com\/?post_type=product&#038;p=6750"},"modified":"2025-08-22T14:57:01","modified_gmt":"2025-08-22T12:57:01","slug":"serum-de-colageno","status":"publish","type":"product","link":"https:\/\/www.marisavida.com\/?product=serum-de-colageno","title":{"rendered":"SERUM DE COL\u00c1GENO"},"content":{"rendered":"<article class=\"text-token-text-primary w-full focus:outline-none scroll-mt-[calc(var(--header-height)+min(200px,max(70px,20svh)))]\" dir=\"auto\" tabindex=\"-1\" data-turn-id=\"request-WEB:96cc7a90-fe35-4d4b-9d49-4cffc6edc6bc-2\" data-testid=\"conversation-turn-6\" data-scroll-anchor=\"false\" data-turn=\"assistant\">\n<div class=\"text-base my-auto mx-auto [--thread-content-margin:--spacing(4)] @[37rem]:[--thread-content-margin:--spacing(6)] @[72rem]:[--thread-content-margin:--spacing(16)] px-(--thread-content-margin)\">\n<div class=\"[--thread-content-max-width:32rem] @[34rem]:[--thread-content-max-width:40rem] @[64rem]:[--thread-content-max-width:48rem] mx-auto max-w-(--thread-content-max-width) flex-1 group\/turn-messages focus-visible:outline-hidden relative flex w-full min-w-0 flex-col agent-turn\" tabindex=\"-1\">\n<div class=\"flex max-w-full flex-col grow\">\n<div class=\"min-h-8 text-message relative flex w-full flex-col items-end gap-2 text-start break-words whitespace-normal [.text-message+&amp;]:mt-5\" dir=\"auto\" data-message-author-role=\"assistant\" data-message-id=\"dad0fefd-559c-4550-ae2c-9b4df78d4bb9\" data-message-model-slug=\"gpt-5\">\n<div class=\"flex w-full flex-col gap-1 empty:hidden first:pt-[3px]\">\n<div class=\"markdown prose dark:prose-invert w-full break-words light markdown-new-styling\">\n<p data-start=\"30\" data-end=\"405\">El s\u00e9rum de col\u00e1geno es un aliado clave en la rutina facial diaria, ya que ayuda a mantener la piel firme, el\u00e1stica y con un aspecto rejuvenecido. Con el paso del tiempo, la producci\u00f3n natural de col\u00e1geno disminuye, lo que se traduce en p\u00e9rdida de tersura, aparici\u00f3n de arrugas y flacidez; por eso, incorporarlo en el cuidado diario aporta el refuerzo que la piel necesita.<\/p>\n<p data-start=\"407\" data-end=\"680\">Al aplicarlo de forma constante, favorece la hidrataci\u00f3n profunda, mejora la textura y contribuye a prevenir los signos de envejecimiento prematuro. Adem\u00e1s, potencia la reparaci\u00f3n de la piel y la protege de agresores externos como la contaminaci\u00f3n y los cambios de clima.<\/p>\n<p data-start=\"682\" data-end=\"870\">En definitiva, usar un s\u00e9rum de col\u00e1geno todos los d\u00edas no solo ayuda a conservar una piel m\u00e1s joven y saludable, sino que tambi\u00e9n potencia los resultados de tu rutina de cuidado facial.<\/p>\n<p>Modo de empleo: Una vez que hayas lavado y secado tu cara apl\u00edcalo suavemente masajeando en direcci\u00f3n ascendente, despu\u00e9s aplica tu crema hidratante. Aunque este serum se puede utilizar en tu rutina facial diurna y nocturna hay que puntualizar que en la diurna\u00a0 es muy importante el uso de protecci\u00f3n solar.<\/p>\n<\/div>\n<\/div>\n<\/div>\n<\/div>\n<\/div>\n<\/div>\n<\/article>\n","protected":false},"excerpt":{"rendered":"<h6 class=\"sr-only\"><\/h6>\n<div class=\"text-base my-auto mx-auto pb-10 [--thread-content-margin:--spacing(4)] @[37rem]:[--thread-content-margin:--spacing(6)] @[72rem]:[--thread-content-margin:--spacing(16)] px-(--thread-content-margin)\">\n<div class=\"[--thread-content-max-width:32rem] @[34rem]:[--thread-content-max-width:40rem] @[64rem]:[--thread-content-max-width:48rem] mx-auto max-w-(--thread-content-max-width) flex-1 group\/turn-messages focus-visible:outline-hidden relative flex w-full min-w-0 flex-col agent-turn\" tabindex=\"-1\">\n<div class=\"flex max-w-full flex-col grow\">\n<div class=\"min-h-8 text-message relative flex w-full flex-col items-end gap-2 text-start break-words whitespace-normal [.text-message+&amp;]:mt-5\" dir=\"auto\" data-message-author-role=\"assistant\" data-message-id=\"2c6b489e-425c-48ea-bd78-d0a38cea1f82\" data-message-model-slug=\"gpt-5\">\n<div class=\"flex w-full flex-col gap-1 empty:hidden first:pt-[3px]\">\n<div class=\"markdown prose dark:prose-invert w-full break-words light markdown-new-styling\">\n<p data-start=\"0\" data-end=\"242\" data-is-last-node=\"\" data-is-only-node=\"\">El s\u00e9rum de col\u00e1geno ayuda a mantener la piel firme, hidratada y el\u00e1stica, compensando la p\u00e9rdida natural de col\u00e1geno con el paso del tiempo. Su uso diario previene la flacidez y las arrugas, dejando el rostro m\u00e1s joven, saludable y radiante.<\/p>\n<\/div>\n<\/div>\n<\/div>\n<\/div>\n<\/div>\n<\/div>\n<h2 class=\"sr-only\"><\/h2>\n","protected":false},"featured_media":6751,"comment_status":"open","ping_status":"closed","template":"","meta":[],"product_brand":[],"product_cat":[80],"product_tag":[],"class_list":{"0":"post-6750","1":"product","2":"type-product","3":"status-publish","4":"has-post-thumbnail","6":"product_cat-cosmetica-organica","7":"nt-post-class","8":"","17":"first","18":"instock","19":"shipping-taxable","20":"purchasable","21":"product-type-simple"},"_links":{"self":[{"href":"https:\/\/www.marisavida.com\/index.php?rest_route=\/wp\/v2\/product\/6750","targetHints":{"allow":["GET"]}}],"collection":[{"href":"https:\/\/www.marisavida.com\/index.php?rest_route=\/wp\/v2\/product"}],"about":[{"href":"https:\/\/www.marisavida.com\/index.php?rest_route=\/wp\/v2\/types\/product"}],"replies":[{"embeddable":true,"href":"https:\/\/www.marisavida.com\/index.php?rest_route=%2Fwp%2Fv2%2Fcomments&post=6750"}],"wp:featuredmedia":[{"embeddable":true,"href":"https:\/\/www.marisavida.com\/index.php?rest_route=\/wp\/v2\/media\/6751"}],"wp:attachment":[{"href":"https:\/\/www.marisavida.com\/index.php?rest_route=%2Fwp%2Fv2%2Fmedia&parent=6750"}],"wp:term":[{"taxonomy":"product_brand","embeddable":true,"href":"https:\/\/www.marisavida.com\/index.php?rest_route=%2Fwp%2Fv2%2Fproduct_brand&post=6750"},{"taxonomy":"product_cat","embeddable":true,"href":"https:\/\/www.marisavida.com\/index.php?rest_route=%2Fwp%2Fv2%2Fproduct_cat&post=6750"},{"taxonomy":"product_tag","embeddable":true,"href":"https:\/\/www.marisavida.com\/index.php?rest_route=%2Fwp%2Fv2%2Fproduct_tag&post=6750"}],"curies":[{"name":"wp","href":"https:\/\/api.w.org\/{rel}","templated":true}]}}