{"id":6701,"date":"2025-08-19T15:22:32","date_gmt":"2025-08-19T13:22:32","guid":{"rendered":"https:\/\/www.marisavida.com\/?post_type=product&#038;p=6701"},"modified":"2025-08-19T15:23:19","modified_gmt":"2025-08-19T13:23:19","slug":"champu-reparador","status":"publish","type":"product","link":"https:\/\/www.marisavida.com\/?product=champu-reparador","title":{"rendered":"CHAMP\u00da REPARADOR"},"content":{"rendered":"<p>El Champ\u00fa Natural Reparador Para Cabello Seco o Da\u00f1ado\u00a0de Oma Gertrude,\u00a0cuida y repara la estructura del cabello y le aporta salud y un brillo natural.<\/p>\n<p><strong>Elaborado con:<\/strong><\/p>\n<p>&#8211; Extracto de Avena Bio: Contiene vitaminas y amino\u00e1cidos esenciales que promueven una hidrataci\u00f3n intensa a la vez que refuerzan el cabello, dej\u00e1ndolo suave y brillante.<\/p>\n<p>&#8211; Extracto de Ortiga Bio:\u00a0Contiene vitaminas, \u00e1cidos org\u00e1nicos y ceras que contribuyen a mejorar la estructura del cabello y aceleran su crecimiento.<\/p>\n<p><strong>Caracter\u00edsticas:<\/strong><\/p>\n<p>&#8211; Testado Dermatol\u00f3gicamente.<\/p>\n<p>&#8211; Ingredientes Naturales y Productos Bio.<\/p>\n<p>&#8211; Las materias primas utilizadas para la producci\u00f3n proceden de cultivos biol\u00f3gicos y lugares salvajes no contaminados.<\/p>\n<p>&#8211; Los procesos productivos y el embalaje respetan el medioambiente.<\/p>\n<p>&#8211; Sin parabenos, parafina, ni ning\u00fan derivado del petr\u00f3leo.<\/p>\n<p>&#8211; Sin siliconas, ni perfumes, ni colorantes sint\u00e9ticos.<\/p>\n<p>&#8211; Sin organismos modificados gen\u00e9ticamente.<\/p>\n<p>&#8211; Sin T\u00f3xicos.<\/p>\n<p>&#8211; Apto para Veganos.<\/p>\n<p>&#8211; No testado en animales.<\/p>\n<p><strong>Forma de uso:<\/strong><\/p>\n<p>Aplicar el champ\u00fa sobre el cabello h\u00famedo, hacer bastante espuma y aclarar con abundante agua.<\/p>\n<p><strong>Ingredientes:<\/strong><\/p>\n<p>Aqua, Sodium Coco-Sulfate, Cocamidopropyl Betaine, Glycerin, Lauryl Glucoside, Avena Sativa Kernel Extract*, Urtica Dioica Extract*, Sodium Chloride, Guar Hydroxypropyltrimonium Chloride, Tocopherol, Citric Acid, Benzyl Alcohol, Sodium Benzoate, Potassium Sorbate, Xanthan Gum, Parfum, Limonene, Linalool.<\/p>\n<p>El 98% de los ingredientes son de origen natural.<\/p>\n","protected":false},"excerpt":{"rendered":"<p>El Champ\u00fa natural reparador para cabello seco o da\u00f1ado de Oma Gertrude cuida y repara la estructura del cabello y le aporta salud y un brillo natural a la vez que lo refuerza\u00a0 e incrementa su crecimiento.<\/p>\n","protected":false},"featured_media":6702,"comment_status":"open","ping_status":"closed","template":"","meta":[],"product_brand":[],"product_cat":[80],"product_tag":[],"class_list":{"0":"post-6701","1":"product","2":"type-product","3":"status-publish","4":"has-post-thumbnail","6":"product_cat-cosmetica-organica","7":"nt-post-class","8":"","17":"first","18":"instock","19":"shipping-taxable","20":"purchasable","21":"product-type-simple"},"_links":{"self":[{"href":"https:\/\/www.marisavida.com\/index.php?rest_route=\/wp\/v2\/product\/6701","targetHints":{"allow":["GET"]}}],"collection":[{"href":"https:\/\/www.marisavida.com\/index.php?rest_route=\/wp\/v2\/product"}],"about":[{"href":"https:\/\/www.marisavida.com\/index.php?rest_route=\/wp\/v2\/types\/product"}],"replies":[{"embeddable":true,"href":"https:\/\/www.marisavida.com\/index.php?rest_route=%2Fwp%2Fv2%2Fcomments&post=6701"}],"wp:featuredmedia":[{"embeddable":true,"href":"https:\/\/www.marisavida.com\/index.php?rest_route=\/wp\/v2\/media\/6702"}],"wp:attachment":[{"href":"https:\/\/www.marisavida.com\/index.php?rest_route=%2Fwp%2Fv2%2Fmedia&parent=6701"}],"wp:term":[{"taxonomy":"product_brand","embeddable":true,"href":"https:\/\/www.marisavida.com\/index.php?rest_route=%2Fwp%2Fv2%2Fproduct_brand&post=6701"},{"taxonomy":"product_cat","embeddable":true,"href":"https:\/\/www.marisavida.com\/index.php?rest_route=%2Fwp%2Fv2%2Fproduct_cat&post=6701"},{"taxonomy":"product_tag","embeddable":true,"href":"https:\/\/www.marisavida.com\/index.php?rest_route=%2Fwp%2Fv2%2Fproduct_tag&post=6701"}],"curies":[{"name":"wp","href":"https:\/\/api.w.org\/{rel}","templated":true}]}}