{"id":6689,"date":"2025-08-18T16:29:16","date_gmt":"2025-08-18T14:29:16","guid":{"rendered":"https:\/\/www.marisavida.com\/?post_type=product&#038;p=6689"},"modified":"2025-09-13T19:20:03","modified_gmt":"2025-09-13T17:20:03","slug":"melatonina-complex","status":"publish","type":"product","link":"https:\/\/www.marisavida.com\/?product=melatonina-complex","title":{"rendered":"MELATONINA COMPLEX (Insomnio)"},"content":{"rendered":"<article class=\"text-token-text-primary w-full focus:outline-none scroll-mt-[calc(var(--header-height)+min(200px,max(70px,20svh)))]\" dir=\"auto\" tabindex=\"-1\" data-turn-id=\"request-WEB:b41085df-ea7f-4cb3-b7e3-233bdf4841b2-1\" data-testid=\"conversation-turn-4\" data-scroll-anchor=\"false\" data-turn=\"assistant\">\n<div class=\"text-base my-auto mx-auto [--thread-content-margin:--spacing(4)] @[37rem]:[--thread-content-margin:--spacing(6)] @[72rem]:[--thread-content-margin:--spacing(16)] px-(--thread-content-margin)\">\n<div class=\"[--thread-content-max-width:32rem] @[34rem]:[--thread-content-max-width:40rem] @[64rem]:[--thread-content-max-width:48rem] mx-auto max-w-(--thread-content-max-width) flex-1 group\/turn-messages focus-visible:outline-hidden relative flex w-full min-w-0 flex-col agent-turn\" tabindex=\"-1\">\n<div class=\"flex max-w-full flex-col grow\">\n<div class=\"min-h-8 text-message relative flex w-full flex-col items-end gap-2 text-start break-words whitespace-normal [.text-message+&amp;]:mt-5\" dir=\"auto\" data-message-author-role=\"assistant\" data-message-id=\"796a61c8-bc55-457d-ab0e-894f1e1b1de4\" data-message-model-slug=\"gpt-5-mini\">\n<div class=\"flex w-full flex-col gap-1 empty:hidden first:pt-[3px]\">\n<div class=\"markdown prose dark:prose-invert w-full break-words light markdown-new-styling\">\n<p data-start=\"0\" data-end=\"435\">La melatonina es una hormona producida de forma natural por la gl\u00e1ndula pineal del cerebro, encargada de regular los ciclos de sue\u00f1o y vigilia. Sin embargo, algunas personas tienen dificultades para producir suficiente melatonina de manera natural, lo que puede generar problemas para conciliar el sue\u00f1o o descansar de manera adecuada. Para estos casos, las c\u00e1psulas de melatonina se han convertido en una opci\u00f3n pr\u00e1ctica y efectiva.<\/p>\n<p data-start=\"0\" data-end=\"435\"><strong>Ingredientes (por c\u00e1psula):<\/strong><\/p>\n<ul>\n<li data-start=\"0\" data-end=\"435\">Vitamina B6 1,4 mg<\/li>\n<li data-start=\"0\" data-end=\"435\">L-tript\u00f3fano 150mg<\/li>\n<li data-start=\"0\" data-end=\"435\">Extracto seco de l\u00fapulo 150 mg<\/li>\n<li data-start=\"0\" data-end=\"435\">Extracto seco de amapola 100 mg<\/li>\n<li data-start=\"0\" data-end=\"435\">Extracto seco de melisa 50 mg<\/li>\n<li data-start=\"0\" data-end=\"435\">Melatonina 1,9 mg<\/li>\n<\/ul>\n<p><strong>Beneficios:<\/strong><\/p>\n<p data-start=\"437\" data-end=\"885\">Tomar c\u00e1psulas de melatonina permite regular el ciclo del sue\u00f1o de forma controlada, facilitando que el cuerpo reconozca el momento de dormir. Son especialmente \u00fatiles para quienes sufren insomnio, trabajan en turnos nocturnos o atraviesan cambios de horario frecuentes, como los viajes largos. La melatonina en c\u00e1psulas ayuda a reducir el tiempo necesario para dormir, mejora la calidad del descanso y favorece un sue\u00f1o m\u00e1s profundo y reparador.<\/p>\n<p data-start=\"887\" data-end=\"1289\" data-is-last-node=\"\" data-is-only-node=\"\">Es importante usar las c\u00e1psulas de melatonina de manera responsable, respetando las dosis recomendadas y combin\u00e1ndolas con h\u00e1bitos de sue\u00f1o saludables, como mantener horarios regulares, evitar pantallas antes de dormir y dormir en un ambiente oscuro y tranquilo. As\u00ed, las c\u00e1psulas de melatonina pueden convertirse en una herramienta eficaz para descansar mejor y mantener un equilibrio f\u00edsico y mental.<\/p>\n<\/div>\n<\/div>\n<\/div>\n<\/div>\n<div class=\"flex min-h-[46px] justify-start\"><strong>Modo de empleo:<\/strong><\/div>\n<div>Tomar una c\u00e1psula media hora antes de ir a dormir.<\/div>\n<\/div>\n<\/div>\n<\/article>\n<article class=\"text-token-text-primary w-full focus:outline-none scroll-mt-[calc(var(--header-height)+min(200px,max(70px,20svh)))]\" dir=\"auto\" tabindex=\"-1\" data-turn-id=\"request-WEB:b41085df-ea7f-4cb3-b7e3-233bdf4841b2-2\" data-testid=\"conversation-turn-6\" data-scroll-anchor=\"true\" data-turn=\"assistant\">\n<div class=\"text-base my-auto mx-auto pb-10 [--thread-content-margin:--spacing(4)] @[37rem]:[--thread-content-margin:--spacing(6)] @[72rem]:[--thread-content-margin:--spacing(16)] px-(--thread-content-margin)\">\n<div class=\"[--thread-content-max-width:32rem] @[34rem]:[--thread-content-max-width:40rem] @[64rem]:[--thread-content-max-width:48rem] mx-auto max-w-(--thread-content-max-width) flex-1 group\/turn-messages focus-visible:outline-hidden relative flex w-full min-w-0 flex-col agent-turn\" tabindex=\"-1\">\n<div class=\"flex max-w-full flex-col grow\">\n<div class=\"min-h-8 text-message relative flex w-full flex-col items-end gap-2 text-start break-words whitespace-normal [.text-message+&amp;]:mt-5\" dir=\"auto\" data-message-author-role=\"assistant\" data-message-id=\"659e66a0-91ca-4a45-9889-95901faac35b\" data-message-model-slug=\"gpt-5-mini\">\n<div class=\"flex w-full flex-col gap-1 empty:hidden first:pt-[3px]\">\n<div class=\"markdown prose dark:prose-invert w-full break-words light markdown-new-styling\">\n<p data-start=\"0\" data-end=\"164\" data-is-last-node=\"\" data-is-only-node=\"\">\n<\/div>\n<\/div>\n<\/div>\n<\/div>\n<\/div>\n<\/div>\n<\/article>\n","protected":false},"excerpt":{"rendered":"<p>Las c\u00e1psulas de melatonina ayudan a regular el sue\u00f1o, facilitando conciliarlo m\u00e1s r\u00e1pido y descansar mejor cuando el cuerpo no produce suficiente de manera natural.<\/p>\n","protected":false},"featured_media":6690,"comment_status":"open","ping_status":"closed","template":"","meta":[],"product_brand":[],"product_cat":[77],"product_tag":[],"class_list":{"0":"post-6689","1":"product","2":"type-product","3":"status-publish","4":"has-post-thumbnail","6":"product_cat-nutricion-celular","7":"nt-post-class","8":"","17":"first","18":"instock","19":"shipping-taxable","20":"purchasable","21":"product-type-simple"},"_links":{"self":[{"href":"https:\/\/www.marisavida.com\/index.php?rest_route=\/wp\/v2\/product\/6689","targetHints":{"allow":["GET"]}}],"collection":[{"href":"https:\/\/www.marisavida.com\/index.php?rest_route=\/wp\/v2\/product"}],"about":[{"href":"https:\/\/www.marisavida.com\/index.php?rest_route=\/wp\/v2\/types\/product"}],"replies":[{"embeddable":true,"href":"https:\/\/www.marisavida.com\/index.php?rest_route=%2Fwp%2Fv2%2Fcomments&post=6689"}],"wp:featuredmedia":[{"embeddable":true,"href":"https:\/\/www.marisavida.com\/index.php?rest_route=\/wp\/v2\/media\/6690"}],"wp:attachment":[{"href":"https:\/\/www.marisavida.com\/index.php?rest_route=%2Fwp%2Fv2%2Fmedia&parent=6689"}],"wp:term":[{"taxonomy":"product_brand","embeddable":true,"href":"https:\/\/www.marisavida.com\/index.php?rest_route=%2Fwp%2Fv2%2Fproduct_brand&post=6689"},{"taxonomy":"product_cat","embeddable":true,"href":"https:\/\/www.marisavida.com\/index.php?rest_route=%2Fwp%2Fv2%2Fproduct_cat&post=6689"},{"taxonomy":"product_tag","embeddable":true,"href":"https:\/\/www.marisavida.com\/index.php?rest_route=%2Fwp%2Fv2%2Fproduct_tag&post=6689"}],"curies":[{"name":"wp","href":"https:\/\/api.w.org\/{rel}","templated":true}]}}