{"id":6680,"date":"2025-08-18T15:54:51","date_gmt":"2025-08-18T13:54:51","guid":{"rendered":"https:\/\/www.marisavida.com\/?post_type=product&#038;p=6680"},"modified":"2025-08-18T16:13:11","modified_gmt":"2025-08-18T14:13:11","slug":"bisglicinato-de-magnesio","status":"publish","type":"product","link":"https:\/\/www.marisavida.com\/?product=bisglicinato-de-magnesio","title":{"rendered":"BISGLICINATO DE MAGNESIO"},"content":{"rendered":"<article class=\"text-token-text-primary w-full focus:outline-none scroll-mt-[calc(var(--header-height)+min(200px,max(70px,20svh)))]\" dir=\"auto\" tabindex=\"-1\" data-turn-id=\"request-WEB:ab068fb4-e52c-477e-ba41-91101d04b941-0\" data-testid=\"conversation-turn-2\" data-scroll-anchor=\"false\" data-turn=\"assistant\">\n<div class=\"text-base my-auto mx-auto [--thread-content-margin:--spacing(4)] @[37rem]:[--thread-content-margin:--spacing(6)] @[72rem]:[--thread-content-margin:--spacing(16)] px-(--thread-content-margin)\">\n<div class=\"[--thread-content-max-width:32rem] @[34rem]:[--thread-content-max-width:40rem] @[64rem]:[--thread-content-max-width:48rem] mx-auto max-w-(--thread-content-max-width) flex-1 group\/turn-messages focus-visible:outline-hidden relative flex w-full min-w-0 flex-col agent-turn\" tabindex=\"-1\">\n<div class=\"flex max-w-full flex-col grow\">\n<div class=\"min-h-8 text-message relative flex w-full flex-col items-end gap-2 text-start break-words whitespace-normal [.text-message+&amp;]:mt-5\" dir=\"auto\" data-message-author-role=\"assistant\" data-message-id=\"b1ae6531-aba3-473d-9a33-d399be94ce03\" data-message-model-slug=\"gpt-5-mini\">\n<div class=\"flex w-full flex-col gap-1 empty:hidden first:pt-[3px]\">\n<div class=\"markdown prose dark:prose-invert w-full break-words light markdown-new-styling\">\n<p data-start=\"0\" data-end=\"868\" data-is-last-node=\"\" data-is-only-node=\"\">El bisglicinato de magnesio se absorbe f\u00e1cilmente y favorece la salud muscular, \u00f3sea, nerviosa y el bienestar general, incluyendo la reducci\u00f3n del estr\u00e9s y la mejora del sue\u00f1o.<\/p>\n<p data-start=\"0\" data-end=\"868\" data-is-last-node=\"\" data-is-only-node=\"\"><strong>Ingredientes (por 2 c\u00e1psulas):<\/strong><\/p>\n<ul>\n<li data-start=\"0\" data-end=\"868\">Bisglicinato de magnesio 1.000 mg<\/li>\n<li data-start=\"0\" data-end=\"868\">Magnesio 200 mg<\/li>\n<\/ul>\n<p><strong>Beneficios:<\/strong><\/p>\n<p data-start=\"0\" data-end=\"868\" data-is-last-node=\"\" data-is-only-node=\"\">El bisglicinato de magnesio es una forma de magnesio quelado, lo que significa que se absorbe de manera m\u00e1s eficiente en el organismo en comparaci\u00f3n con otras formas de magnesio. Su consumo puede contribuir a mejorar la funci\u00f3n muscular y nerviosa, ayudando a reducir calambres y tensi\u00f3n muscular. Adem\u00e1s, favorece la salud \u00f3sea al participar en la mineralizaci\u00f3n de los huesos y en la regulaci\u00f3n de minerales como el calcio. Tambi\u00e9n puede apoyar la calidad del sue\u00f1o y la reducci\u00f3n del estr\u00e9s, ya que interviene en la s\u00edntesis de neurotransmisores y en la relajaci\u00f3n del sistema nervioso. Otra ventaja es que es generalmente bien tolerado por el sistema digestivo, causando menos molestias gastrointestinales que otras formas de magnesio. En conjunto, el bisglicinato de magnesio puede ser un aliado para mantener el equilibrio mineral y mejorar el bienestar general.<\/p>\n<p data-start=\"0\" data-end=\"868\" data-is-last-node=\"\" data-is-only-node=\"\"><strong>Modo de empleo:<\/strong><\/p>\n<p data-start=\"0\" data-end=\"868\" data-is-last-node=\"\" data-is-only-node=\"\">Tomar 2 c\u00e1psulas al d\u00eda despu\u00e9s de una comida.<\/p>\n<\/div>\n<\/div>\n<\/div>\n<\/div>\n<div class=\"flex min-h-[46px] justify-start\"><\/div>\n<\/div>\n<\/div>\n<\/article>\n<article class=\"text-token-text-primary w-full focus:outline-none scroll-mt-(--header-height)\" dir=\"auto\" tabindex=\"-1\" data-turn-id=\"f4e033dd-8e59-4ed3-b0c2-32e40f11ee6e\" data-testid=\"conversation-turn-3\" data-scroll-anchor=\"false\" data-turn=\"user\"><\/article>\n<article class=\"text-token-text-primary w-full focus:outline-none scroll-mt-[calc(var(--header-height)+min(200px,max(70px,20svh)))]\" dir=\"auto\" tabindex=\"-1\" data-turn-id=\"request-WEB:ab068fb4-e52c-477e-ba41-91101d04b941-1\" data-testid=\"conversation-turn-4\" data-scroll-anchor=\"true\" data-turn=\"assistant\">\n<h6 class=\"sr-only\"><\/h6>\n<div class=\"text-base my-auto mx-auto pb-10 [--thread-content-margin:--spacing(4)] @[37rem]:[--thread-content-margin:--spacing(6)] @[72rem]:[--thread-content-margin:--spacing(16)] px-(--thread-content-margin)\">\n<div class=\"[--thread-content-max-width:32rem] @[34rem]:[--thread-content-max-width:40rem] @[64rem]:[--thread-content-max-width:48rem] mx-auto max-w-(--thread-content-max-width) flex-1 group\/turn-messages focus-visible:outline-hidden relative flex w-full min-w-0 flex-col agent-turn\" tabindex=\"-1\">\n<div class=\"flex max-w-full flex-col grow\">\n<div class=\"min-h-8 text-message relative flex w-full flex-col items-end gap-2 text-start break-words whitespace-normal [.text-message+&amp;]:mt-5\" dir=\"auto\" data-message-author-role=\"assistant\" data-message-id=\"2f0461b1-0c2b-4e79-bc48-5884b7b3a67c\" data-message-model-slug=\"gpt-5-mini\">\n<div class=\"flex w-full flex-col gap-1 empty:hidden first:pt-[3px]\">\n<div class=\"markdown prose dark:prose-invert w-full break-words light markdown-new-styling\">\n<p data-start=\"0\" data-end=\"176\" data-is-last-node=\"\" data-is-only-node=\"\">\n<\/div>\n<\/div>\n<\/div>\n<\/div>\n<\/div>\n<\/div>\n<\/article>\n","protected":false},"excerpt":{"rendered":"<p>El bisglicinato de magnesio se absorbe f\u00e1cilmente y favorece la salud muscular, \u00f3sea, nerviosa y el bienestar general, incluyendo la reducci\u00f3n del estr\u00e9s y la mejora del sue\u00f1o.<\/p>\n","protected":false},"featured_media":6682,"comment_status":"open","ping_status":"closed","template":"","meta":[],"product_brand":[],"product_cat":[77],"product_tag":[],"class_list":{"0":"post-6680","1":"product","2":"type-product","3":"status-publish","4":"has-post-thumbnail","6":"product_cat-nutricion-celular","7":"nt-post-class","8":"","17":"first","18":"instock","19":"shipping-taxable","20":"purchasable","21":"product-type-simple"},"_links":{"self":[{"href":"https:\/\/www.marisavida.com\/index.php?rest_route=\/wp\/v2\/product\/6680","targetHints":{"allow":["GET"]}}],"collection":[{"href":"https:\/\/www.marisavida.com\/index.php?rest_route=\/wp\/v2\/product"}],"about":[{"href":"https:\/\/www.marisavida.com\/index.php?rest_route=\/wp\/v2\/types\/product"}],"replies":[{"embeddable":true,"href":"https:\/\/www.marisavida.com\/index.php?rest_route=%2Fwp%2Fv2%2Fcomments&post=6680"}],"wp:featuredmedia":[{"embeddable":true,"href":"https:\/\/www.marisavida.com\/index.php?rest_route=\/wp\/v2\/media\/6682"}],"wp:attachment":[{"href":"https:\/\/www.marisavida.com\/index.php?rest_route=%2Fwp%2Fv2%2Fmedia&parent=6680"}],"wp:term":[{"taxonomy":"product_brand","embeddable":true,"href":"https:\/\/www.marisavida.com\/index.php?rest_route=%2Fwp%2Fv2%2Fproduct_brand&post=6680"},{"taxonomy":"product_cat","embeddable":true,"href":"https:\/\/www.marisavida.com\/index.php?rest_route=%2Fwp%2Fv2%2Fproduct_cat&post=6680"},{"taxonomy":"product_tag","embeddable":true,"href":"https:\/\/www.marisavida.com\/index.php?rest_route=%2Fwp%2Fv2%2Fproduct_tag&post=6680"}],"curies":[{"name":"wp","href":"https:\/\/api.w.org\/{rel}","templated":true}]}}