{"id":6648,"date":"2025-08-17T12:52:46","date_gmt":"2025-08-17T10:52:46","guid":{"rendered":"https:\/\/www.marisavida.com\/?post_type=product&#038;p=6648"},"modified":"2025-08-25T12:47:49","modified_gmt":"2025-08-25T10:47:49","slug":"vinagre-de-manzana-sin-filtrar","status":"publish","type":"product","link":"https:\/\/www.marisavida.com\/?product=vinagre-de-manzana-sin-filtrar","title":{"rendered":"VINAGRE DE MANZANA"},"content":{"rendered":"<h6 class=\"sr-only\"><span style=\"font-size: 16px;\">Tomar vinagre de manzana cada d\u00eda puede ayudar a mejorar la digesti\u00f3n, regular el az\u00facar en sangre y favorecer la p\u00e9rdida de peso de manera natural.<\/span><\/h6>\n<p data-start=\"116\" data-end=\"175\"><strong data-start=\"116\" data-end=\"173\">Beneficios\u00a0<\/strong><\/p>\n<p data-start=\"177\" data-end=\"472\">El vinagre de manzana sin filtrar se ha convertido en un aliado natural para la salud, gracias a sus propiedades nutritivas y su versatilidad. A diferencia del vinagre filtrado, conserva la \u201cmadre\u201d, una mezcla de enzimas, bacterias beneficiosas y prote\u00ednas que potencian sus efectos positivos.<\/p>\n<p data-start=\"474\" data-end=\"777\"><strong data-start=\"474\" data-end=\"501\">1. Mejora la digesti\u00f3n:<\/strong><br data-start=\"501\" data-end=\"504\" \/>La acidez natural del vinagre de manzana ayuda a equilibrar el pH del est\u00f3mago y facilita la digesti\u00f3n de los alimentos. Adem\u00e1s, sus enzimas y probi\u00f3ticos favorecen la flora intestinal, contribuyendo a una digesti\u00f3n m\u00e1s eficiente y reduciendo problemas como la hinchaz\u00f3n.<\/p>\n<p data-start=\"779\" data-end=\"1076\"><strong data-start=\"779\" data-end=\"815\">2. Control del az\u00facar en sangre:<\/strong><br data-start=\"815\" data-end=\"818\" \/>Diversos estudios sugieren que consumir vinagre de manzana antes de las comidas puede mejorar la sensibilidad a la insulina y ayudar a regular los niveles de glucosa, siendo un aliado para personas con riesgo de diabetes tipo 2 o resistencia a la insulina.<\/p>\n<p data-start=\"1078\" data-end=\"1339\"><strong data-start=\"1078\" data-end=\"1113\">3. Apoyo en la p\u00e9rdida de peso:<\/strong><br data-start=\"1113\" data-end=\"1116\" \/>El vinagre de manzana puede aumentar la sensaci\u00f3n de saciedad, ayudando a reducir la ingesta cal\u00f3rica y, por ende, favoreciendo el control del peso corporal cuando se combina con una dieta equilibrada y ejercicio regular.<\/p>\n<p data-start=\"1341\" data-end=\"1563\"><strong data-start=\"1341\" data-end=\"1385\">4. Beneficios para la piel y el cabello:<\/strong><br data-start=\"1385\" data-end=\"1388\" \/>Aplicado de manera t\u00f3pica diluido en agua, puede ayudar a equilibrar el pH de la piel, reducir el acn\u00e9 y mejorar la textura del cabello, dej\u00e1ndolo m\u00e1s brillante y manejable.<\/p>\n<p data-start=\"1565\" data-end=\"1773\"><strong data-start=\"1565\" data-end=\"1600\">5. Propiedades antimicrobianas:<\/strong><br data-start=\"1600\" data-end=\"1603\" \/>El vinagre de manzana contiene \u00e1cido ac\u00e9tico, que posee efectos antimicrobianos naturales, ayudando a combatir bacterias y hongos tanto en la piel como en la digesti\u00f3n.<\/p>\n<p data-start=\"1775\" data-end=\"1994\"><strong data-start=\"1775\" data-end=\"1795\">Modo de empleo<\/strong><br data-start=\"1795\" data-end=\"1798\" \/>Se recomienda tomar una a dos cucharadas (15\u201330 ml) diluidas en un vaso de agua antes de las comidas, tambi\u00e9n puedes hacerlo en ayunas o incluirlo en ensaladas.<\/p>\n<p data-start=\"1996\" data-end=\"2303\">\n","protected":false},"excerpt":{"rendered":"<p>El vinagre de manzana sin filtrar es un suplemento natural que aporta m\u00faltiples beneficios para la digesti\u00f3n, el control de az\u00facar en sangre, la p\u00e9rdida de peso y el cuidado de la piel y el cabello. Sin embargo, debe consumirse con moderaci\u00f3n y como parte de un estilo de vida saludable.<\/p>\n","protected":false},"featured_media":6763,"comment_status":"open","ping_status":"closed","template":"","meta":[],"product_brand":[],"product_cat":[79],"product_tag":[],"class_list":{"0":"post-6648","1":"product","2":"type-product","3":"status-publish","4":"has-post-thumbnail","6":"product_cat-alimentacion","7":"nt-post-class","8":"","17":"first","18":"instock","19":"shipping-taxable","20":"purchasable","21":"product-type-simple"},"_links":{"self":[{"href":"https:\/\/www.marisavida.com\/index.php?rest_route=\/wp\/v2\/product\/6648","targetHints":{"allow":["GET"]}}],"collection":[{"href":"https:\/\/www.marisavida.com\/index.php?rest_route=\/wp\/v2\/product"}],"about":[{"href":"https:\/\/www.marisavida.com\/index.php?rest_route=\/wp\/v2\/types\/product"}],"replies":[{"embeddable":true,"href":"https:\/\/www.marisavida.com\/index.php?rest_route=%2Fwp%2Fv2%2Fcomments&post=6648"}],"wp:featuredmedia":[{"embeddable":true,"href":"https:\/\/www.marisavida.com\/index.php?rest_route=\/wp\/v2\/media\/6763"}],"wp:attachment":[{"href":"https:\/\/www.marisavida.com\/index.php?rest_route=%2Fwp%2Fv2%2Fmedia&parent=6648"}],"wp:term":[{"taxonomy":"product_brand","embeddable":true,"href":"https:\/\/www.marisavida.com\/index.php?rest_route=%2Fwp%2Fv2%2Fproduct_brand&post=6648"},{"taxonomy":"product_cat","embeddable":true,"href":"https:\/\/www.marisavida.com\/index.php?rest_route=%2Fwp%2Fv2%2Fproduct_cat&post=6648"},{"taxonomy":"product_tag","embeddable":true,"href":"https:\/\/www.marisavida.com\/index.php?rest_route=%2Fwp%2Fv2%2Fproduct_tag&post=6648"}],"curies":[{"name":"wp","href":"https:\/\/api.w.org\/{rel}","templated":true}]}}