{"id":6570,"date":"2025-08-14T16:18:14","date_gmt":"2025-08-14T14:18:14","guid":{"rendered":"https:\/\/www.marisavida.com\/?post_type=product&#038;p=6570"},"modified":"2025-08-14T16:18:14","modified_gmt":"2025-08-14T14:18:14","slug":"champu-de-vida","status":"publish","type":"product","link":"https:\/\/www.marisavida.com\/?product=champu-de-vida","title":{"rendered":"CHAMP\u00da DE VIDA"},"content":{"rendered":"<p>Champ\u00fa suave elaborado con extracto de tomillo, una planta con propiedades hidratantes, purificantes, antiseborreicas, antis\u00e9pticas y antibacterianas que previenen y combaten las alteraciones del cuero cabelludo.<\/p>\n<p>&nbsp;<\/p>\n","protected":false},"excerpt":{"rendered":"<p>El champ\u00fa de tomillo fortalece el cabello y estimula su crecimiento gracias a sus propiedades antioxidantes y revitalizantes. Ayuda a reducir la ca\u00edda, combatir la caspa y mantener el cuero cabelludo limpio y equilibrado. Adem\u00e1s, mejora la circulaci\u00f3n en la ra\u00edz, dejando el cabello m\u00e1s fuerte, brillante y saludable.<br \/>\nMODO DE EMPLEO: Aplicar sobre el cabello mojado y masajear el cuero cabelludo con suavidad hasta formar espuma. Aclarar el cabello repetir la operaci\u00f3n dejando actuar el producto 2 o 3 minutos antes de retirarlo con abundante agua.<\/p>\n","protected":false},"featured_media":6571,"comment_status":"open","ping_status":"closed","template":"","meta":[],"product_brand":[],"product_cat":[80],"product_tag":[],"class_list":{"0":"post-6570","1":"product","2":"type-product","3":"status-publish","4":"has-post-thumbnail","6":"product_cat-cosmetica-organica","7":"nt-post-class","8":"","17":"first","18":"instock","19":"shipping-taxable","20":"purchasable","21":"product-type-simple"},"_links":{"self":[{"href":"https:\/\/www.marisavida.com\/index.php?rest_route=\/wp\/v2\/product\/6570","targetHints":{"allow":["GET"]}}],"collection":[{"href":"https:\/\/www.marisavida.com\/index.php?rest_route=\/wp\/v2\/product"}],"about":[{"href":"https:\/\/www.marisavida.com\/index.php?rest_route=\/wp\/v2\/types\/product"}],"replies":[{"embeddable":true,"href":"https:\/\/www.marisavida.com\/index.php?rest_route=%2Fwp%2Fv2%2Fcomments&post=6570"}],"wp:featuredmedia":[{"embeddable":true,"href":"https:\/\/www.marisavida.com\/index.php?rest_route=\/wp\/v2\/media\/6571"}],"wp:attachment":[{"href":"https:\/\/www.marisavida.com\/index.php?rest_route=%2Fwp%2Fv2%2Fmedia&parent=6570"}],"wp:term":[{"taxonomy":"product_brand","embeddable":true,"href":"https:\/\/www.marisavida.com\/index.php?rest_route=%2Fwp%2Fv2%2Fproduct_brand&post=6570"},{"taxonomy":"product_cat","embeddable":true,"href":"https:\/\/www.marisavida.com\/index.php?rest_route=%2Fwp%2Fv2%2Fproduct_cat&post=6570"},{"taxonomy":"product_tag","embeddable":true,"href":"https:\/\/www.marisavida.com\/index.php?rest_route=%2Fwp%2Fv2%2Fproduct_tag&post=6570"}],"curies":[{"name":"wp","href":"https:\/\/api.w.org\/{rel}","templated":true}]}}