{"id":6189,"date":"2025-07-19T15:27:01","date_gmt":"2025-07-19T13:27:01","guid":{"rendered":"https:\/\/www.marisavida.com\/?post_type=product&#038;p=6189"},"modified":"2025-09-13T20:04:49","modified_gmt":"2025-09-13T18:04:49","slug":"pan-simbiotico-de-abejas","status":"publish","type":"product","link":"https:\/\/www.marisavida.com\/?product=pan-simbiotico-de-abejas","title":{"rendered":"Pan Simbi\u00f3tico de Abejas (Sistema Inmunitario)"},"content":{"rendered":"<p data-start=\"22\" data-end=\"172\">Una crema simbi\u00f3tica viva elaborada a partir de pan de abeja fermentado, conocido en la tradici\u00f3n ap\u00edcola como el alimento m\u00e1s preciado de la colmena.<\/p>\n<p data-start=\"174\" data-end=\"392\">Se trata de una mezcla que combina miel, polen abierto y prop\u00f3leo, junto con c\u00farcuma fermentada, aceite de coco, linaza ecol\u00f3gica y vitamina\u202fC, dando lugar a un alimento sin pasteurizar, sin conservantes ni colorantes.<\/p>\n<p data-start=\"394\" data-end=\"730\">El pan de abeja \u2014tambi\u00e9n llamado \u201cpan simbi\u00f3tico\u201d\u2014 es el resultado de la transformaci\u00f3n natural del polen recolectado por las abejas, que lo fermentan dentro de las celdillas de la colmena. Este proceso genera un alimento complejo y concentrado, valorado por su perfil natural y su riqueza en compuestos propios de la actividad ap\u00edcola.<\/p>\n<p data-start=\"732\" data-end=\"903\">Esta crema est\u00e1 pensada para integrarse f\u00e1cilmente en batidos, cremas, sopas o zumos, aportando su sabor caracter\u00edstico y su textura cremosa en todo tipo de preparaciones.<\/p>\n<hr data-start=\"905\" data-end=\"908\" \/>\n<h3 data-start=\"910\" data-end=\"958\">\ud83c\udf31 Ingredientes (de agricultura ecol\u00f3gica)<\/h3>\n<ul data-start=\"959\" data-end=\"1112\">\n<li data-start=\"959\" data-end=\"974\">\n<p data-start=\"961\" data-end=\"974\">Miel cruda*<\/p>\n<\/li>\n<li data-start=\"975\" data-end=\"1005\">\n<p data-start=\"977\" data-end=\"1005\">Polen abierto y fermentado<\/p>\n<\/li>\n<li data-start=\"1006\" data-end=\"1029\">\n<p data-start=\"1008\" data-end=\"1029\">C\u00farcuma fermentada*<\/p>\n<\/li>\n<li data-start=\"1030\" data-end=\"1049\">\n<p data-start=\"1032\" data-end=\"1049\">Aceite de coco*<\/p>\n<\/li>\n<li data-start=\"1050\" data-end=\"1061\">\n<p data-start=\"1052\" data-end=\"1061\">Linaza*<\/p>\n<\/li>\n<li data-start=\"1062\" data-end=\"1075\">\n<p data-start=\"1064\" data-end=\"1075\">Prop\u00f3leo*<\/p>\n<\/li>\n<li data-start=\"1076\" data-end=\"1112\">\n<p data-start=\"1078\" data-end=\"1112\">Vitamina\u202fC (\u00e1cido asc\u00f3rbico E\u2011300)<\/p>\n<\/li>\n<\/ul>\n<p data-start=\"1114\" data-end=\"1152\">* Procedente de agricultura ecol\u00f3gica<\/p>\n<hr data-start=\"1154\" data-end=\"1157\" \/>\n<h3 data-start=\"1159\" data-end=\"1186\">\ud83d\udcdd Sugerencias de uso<\/h3>\n<ul data-start=\"1187\" data-end=\"1315\" data-is-last-node=\"\" data-is-only-node=\"\">\n<li data-start=\"1187\" data-end=\"1242\">\n<p data-start=\"1189\" data-end=\"1242\">A\u00f1adir al gusto en batidos, salsas, cremas o zumos.<\/p>\n<\/li>\n<li data-start=\"1243\" data-end=\"1315\" data-is-last-node=\"\">\n<p data-start=\"1245\" data-end=\"1315\" data-is-last-node=\"\">Una vez abierto, conservar en nevera y consumir en un plazo razonable.<\/p>\n<\/li>\n<\/ul>\n","protected":false},"excerpt":{"rendered":"<p>Una crema simbi\u00f3tica viva elaborada a partir de pan de abeja fermentado, conocido en la tradici\u00f3n ap\u00edcola como el alimento m\u00e1s preciado de la colmena. Se trata de una mezcla que combina miel, polen abierto y prop\u00f3leo, junto con c\u00farcuma fermentada, aceite de coco, linaza ecol\u00f3gica y vitamina\u202fC, dando lugar a un alimento sin pasteurizar,&#8230;<\/p>\n","protected":false},"featured_media":6190,"comment_status":"open","ping_status":"closed","template":"","meta":[],"product_brand":[],"product_cat":[78],"product_tag":[],"class_list":{"0":"post-6189","1":"product","2":"type-product","3":"status-publish","4":"has-post-thumbnail","6":"product_cat-alimentacion-simbiotica","7":"nt-post-class","8":"","12":"excerpt-none","17":"first","18":"instock","19":"shipping-taxable","20":"purchasable","21":"product-type-simple"},"_links":{"self":[{"href":"https:\/\/www.marisavida.com\/index.php?rest_route=\/wp\/v2\/product\/6189","targetHints":{"allow":["GET"]}}],"collection":[{"href":"https:\/\/www.marisavida.com\/index.php?rest_route=\/wp\/v2\/product"}],"about":[{"href":"https:\/\/www.marisavida.com\/index.php?rest_route=\/wp\/v2\/types\/product"}],"replies":[{"embeddable":true,"href":"https:\/\/www.marisavida.com\/index.php?rest_route=%2Fwp%2Fv2%2Fcomments&post=6189"}],"wp:featuredmedia":[{"embeddable":true,"href":"https:\/\/www.marisavida.com\/index.php?rest_route=\/wp\/v2\/media\/6190"}],"wp:attachment":[{"href":"https:\/\/www.marisavida.com\/index.php?rest_route=%2Fwp%2Fv2%2Fmedia&parent=6189"}],"wp:term":[{"taxonomy":"product_brand","embeddable":true,"href":"https:\/\/www.marisavida.com\/index.php?rest_route=%2Fwp%2Fv2%2Fproduct_brand&post=6189"},{"taxonomy":"product_cat","embeddable":true,"href":"https:\/\/www.marisavida.com\/index.php?rest_route=%2Fwp%2Fv2%2Fproduct_cat&post=6189"},{"taxonomy":"product_tag","embeddable":true,"href":"https:\/\/www.marisavida.com\/index.php?rest_route=%2Fwp%2Fv2%2Fproduct_tag&post=6189"}],"curies":[{"name":"wp","href":"https:\/\/api.w.org\/{rel}","templated":true}]}}